-16)?
8
Let p(t) = 2*t**3 - 24*t**2 + 7*t - 233. What is the hundreds digit of p(20)?
3
Suppose 5*w - 2583 + 18498 = 0. What is the units digit of (11 + w)/13*7/(-2)?
4
Let v(h) = 2887*h - 3183. What is the hundreds digit of v(12)?
4
Let b(v) = -661*v + 2533. What is the units digit of b(-19)?
2
Let n be (-3 + (-8306)/6)/((-4)/6). Let p = n - 1020. What is the units digit of p?
1
Suppose l + 1 = 3. Suppose 0 = 5*p + 4*i - 94, -3*i - l*i = p - 2. What is the units digit of p?
2
Suppose 4*d = -2224 + 20. Let b = -293 - d. What is the units digit of b?
8
Suppose 8*c - 13*c + 4*k = -124406, 0 = k + 9. What is the thousands digit of c?
4
Suppose 3*s = 4 + 5. Suppose -25 = -g + s. Let q = g + -6. What is the units digit of q?
2
Let l = 10870 - 5900. What is the thousands digit of l?
4
Suppose -131*n - 61215 = -138*n. What is the thousands digit of n?
8
Suppose 0 = x - 2*t - 482 - 636, -3*x + 3364 = 4*t. What is the units digit of x?
0
Suppose -9*y + 11*y - 5*l - 693 = 0, 3*y = -l + 1048. Let x = -224 + y. What is the hundreds digit of x?
1
What is the units digit of ((-4)/((-28)/7))/((-66241)/(-22078) - 3)?
4
Suppose 0 = 5*z - 2*s - 67836, 8*s = 5*z + 9*s - 67842. What is the units digit of z?
8
Suppose 178 = -40*g + 41*g. Let s be (-6)/(g/(-172) - -1). Let t = s + -102. What is the units digit of t?
0
Let j = 105 + -103. Suppose -3*u = j*t - 1471, -5*t + 5*u + 3703 = 4*u. What is the units digit of t?
0
Let n(z) = z + 25. Let h be n(-7). Let d be (-516)/h*(-9)/6. Let j = d - -27. What is the tens digit of j?
7
Suppose 6*g - 32 = -8. Suppose 0 = g*c + 16, c - 496 = -4*v - c. Let z = v - 114. What is the tens digit of z?
1
Let s(n) = 2*n**3 + 12*n**2 + 13*n - 9. Let w be s(-7). What is the hundreds digit of (8 + w)/(-1) + 2?
1
Let c(o) = 2*o**2 - 25*o + 343. What is the units digit of c(49)?
0
Let d be 1/3*134*(-87)/58. Let m = d - -70. What is the tens digit of 2 + -7 - (-220 + m)?
1
What is the hundreds digit of (-16 - (-212)/(-16))*-1056?
8
Suppose 1620*w + 7164472 = 1837*w. What is the ten thousands digit of w?
3
Let l(h) = -4*h**3 + 7*h**2 + h + 3. Let t be l(4). Let r = -54 - t. Let b = r + -79. What is the units digit of b?
4
Let l be 15/((-328)/(-108) - 3). Let g = -278 + l. What is the tens digit of (g - 6)/(1 - 0/1)?
2
What is the tens digit of ((-1689)/6)/((-3)/(-2)*5/(-135))?
6
Let z(i) = -i**2 + 8*i + 4. Let c be z(8). Suppose c*m = 3 + 45. Suppose 10 = k - 2*n - 7, -m = 4*n. What is the units digit of k?
1
What is the hundreds digit of -2 - 47817/(-2) - (19 + 1036/(-56))?
9
Suppose 2*m = 5*s + 108452, -5*m + 314108 = 25*s + 42978. What is the thousands digit of m?
4
Let o = -34 - -65. Let z = 90 - o. Let a = z - -9. What is the units digit of a?
8
Suppose 31 = 5*w + 11. Suppose 0 = -b - b + g - 5, -5*b - 6 = w*g. What is the tens digit of 49 - (b + -2 - -2)?
5
Let a(r) = 45*r + 4. Let s be a(1). Let v = s - -88. Suppose -2*t - 4*k + 201 + v = 0, -5*t = 2*k - 853. What is the hundreds digit of t?
1
Let s(l) be the second derivative of -13*l**3 - 57*l**2/2 + 14*l - 3. What is the units digit of s(-11)?
1
Suppose -k = 0, -15 + 135 = -2*f - k. Let p be (f/35)/(2/(-364)). Let z = p - 216. What is the units digit of z?
6
Let a = 185 - 190. What is the hundreds digit of (2388/(-20) - 5)*a?
6
What is the thousands digit of 43 + -58 - (-16804 - 3)?
6
Let v(x) = -3 + 4 - 2 + x**2 - 2. Let u be v(2). What is the tens digit of u/((-2)/(0 + -202))?
0
Suppose 1105722 = 203*m - 8227203. What is the tens digit of m?
7
Suppose 46*l - 188652 = -57782. Let r = l + -936. What is the tens digit of r?
0
Suppose 5*n - 2*n - 18 = 0. Let h(q) = q + 50. Let o(t) = -t - 49. Let z(y) = n*h(y) + 5*o(y). What is the tens digit of z(-6)?
4
Let t(k) = k**3 + k**2 - 5*k + 1. Let f be t(2). Let y be (-35140)/16 - f/(-12). What is the units digit of y/(-42) + 3 + 2/(-7)?
5
Let v(n) = -133*n + 129. Let d be v(-5). Let l = -56 + d. What is the tens digit of l?
3
Let f(c) = c**2 + 7*c - 11. Suppose 3*l + 9 = -5*x, 3*x = -4*l - 22 - 1. Let n be f(l). What is the tens digit of (-259)/n + (-3)/9?
8
What is the units digit of (22833/(-516))/((-3)/1604)?
9
Let q = 6 - 4. Let u(t) be the second derivative of 7*t**4/3 - t**3/6 - 2*t**2 - 20*t + 38. What is the units digit of u(q)?
6
What is the thousands digit of -4 - -1 - ((-13)/104 + 540645/(-24))?
2
Suppose 0 = 40*m + 19*m - 212459. What is the units digit of m?
1
What is the hundreds digit of ((-240)/10)/3 + 16845?
8
Let d(t) = 2*t**2 - 3*t - 10. Let w be d(4). Suppose z + 6*g = w*g + 87, 237 = 3*z - 4*g. What is the tens digit of z?
7
Let u be 4/(-2) + 0 + (1152 - 2). Let p = 1716 - u. What is the units digit of p?
8
What is the units digit of 8/6*12/((-44)/11) + 36890?
6
Let y(z) = -z**2 + 109. Let j be y(-10). Suppose 4*l - m - 6613 + 2253 = 0, -5*l + 5441 = m. Suppose -j*x + l = 2*x. What is the units digit of x?
9
Suppose 0 = 7*h - 28. Let r(x) = 19*x**2 - 7*x + 2. What is the hundreds digit of r(h)?
2
Let a be 3586 + 1/(7 - 8). Suppose 2*f = -13*f + a. What is the units digit of f?
9
Let x be (-4)/(12/93)*1. What is the units digit of ((-2)/5)/(x/620)?
8
Suppose 0 = 5*j + 3*k - 40264, -4*j = -7*k - 26655 - 5622. What is the units digit of j?
7
Let z(m) = 38*m**2 - 9*m + 21. Let v be z(-6). Suppose v = -11*g + 17195. What is the hundreds digit of g?
4
Let v be -6 + (-4)/((-24)/30). Let y(b) = -1595*b - 12. What is the hundreds digit of y(v)?
5
What is the hundreds digit of 54131/3 + (56/30)/14*-5?
0
Suppose 9*m = 4*m + 4*z + 624, -4*m + 528 = 4*z. Let u = 417 - m. What is the units digit of u?
9
Suppose 3*w - 18 = -3*y, -12 = -2*w - 3*w + 4*y. Suppose -488 = -o - 2*m, w*o + 1184 = -5*m + 3127. What is the hundreds digit of o?
4
Suppose 31*c + 4 = 35*c, 2*j - 3*c = 123365. What is the thousands digit of j?
1
Let i = 2094 + 5735. What is the thousands digit of i?
7
What is the thousands digit of (-208)/(((12/5)/(-3))/10)?
2
What is the hundreds digit of 119/85*(-12)/(-14) + 654836/20?
7
Let p be (-1 + (-6)/(-2))/(2/13). Let b = p - 12. What is the tens digit of (28/(-42))/(b/(-123))?
8
Let d = 98 + 117. What is the units digit of d?
5
Let j = 21270 + -19825. What is the hundreds digit of j?
4
Suppose 0 = n + n + 3*a - 66, -3*a - 186 = -5*n. Suppose 5*o - n = -b + 29, -4*b - o + 298 = 0. What is the units digit of -10*(-8)/(80/b)?
5
Let k be (((-102)/2)/(-3))/((-1)/2). Let m = 36 + k. Suppose 2*c = -y + 3*y - 32, 3*y - 73 = -m*c. What is the tens digit of y?
2
Suppose 0 = 2*w + x + 1119, -6*w + 5*w - 556 = -3*x. Let s = 654 - w. What is the thousands digit of s?
1
Let q = 1007 - 496. Let r be q/49 + (-6)/14. Let g = 47 + r. What is the units digit of g?
7
Let r be 3 + 28*(19 + -3). Let b = 947 - r. What is the tens digit of b?
9
Let k(o) be the second derivative of 11*o**5/120 + 5*o**4/6 + 7*o**3/6 + 27*o. Let s(w) be the second derivative of k(w). What is the tens digit of s(5)?
7
Suppose -5*o - 2*j + 52147 = 0, -20857 = 19*o - 21*o + j. What is the tens digit of o?
2
What is the hundreds digit of (1368/(-20))/(2/10)*423/(-6)?
1
Suppose -3516 = -4*f - h, 2*f - 879 = f + 3*h. Suppose n = 4*u - f, 5*n = -u + 127 + 98. Let z = -87 + u. What is the hundreds digit of z?
1
Let g be (-3)/4*1*(-2 + -2). What is the tens digit of (-16 - -18)/(g + 476/(-159))?
1
Suppose 4*q - 77129 + 26967 = -3*v, -2*q + 4*v = -25114. What is the units digit of q?
5
Suppose -m - 9 = 5*s - 2, -4*s = -m - 7. Let d be -2 + 6 + m - -62. Let c = d + 44. What is the tens digit of c?
0
Let o be (0 - -9) + (-3 - -6). Suppose 0 = -o*l + 5*l + 1904. What is the units digit of l?
2
Let n = -47 + 37. Let i be n*237/5*20/(-30). What is the units digit of ((-3)/4)/(-4 - i/(-80))?
5
Let c(z) = -926*z**3 - 8*z - 6. What is the tens digit of c(-3)?
2
Let i = 273 + -134. Suppose 15 = h - i. Let s = 225 - h. What is the tens digit of s?
7
Let r(f) = f**3 + 80*f**2 - 349*f - 20. What is the units digit of r(-83)?
0
Suppose 12*c - 780034 = -0*c - 25*c. What is the units digit of c?
2
Let x = -343 + 381. Suppose -12*c = x - 13514. What is the units digit of c?
3
Let m(g) = g**3 - 3*g**2 + 5*g + 4. Let w be -2 + 0 - (-1)/(1/57). Suppose -w = -9*x - 2*x. What is the tens digit of m(x)?
7
Let a(c) = c**3 + 2*c**2 - 3. Let y be a(2). Let v be (-20)/15*(-4 + y). What is t